{"id":27,"date":"2016-11-01T15:35:14","date_gmt":"2016-11-01T15:35:14","guid":{"rendered":"http:\/\/tram-werkstatt.de\/?page_id=27"},"modified":"2016-11-04T21:24:38","modified_gmt":"2016-11-04T20:24:38","slug":"das-fahrzeug","status":"publish","type":"page","link":"http:\/\/tram-werkstatt.de\/?page_id=27","title":{"rendered":"Das Fahrzeug"},"content":{"rendered":"<p><img loading=\"lazy\" decoding=\"async\" class=\"wp-image-30 aligncenter\" src=\"http:\/\/tram-werkstatt.de\/wp-content\/uploads\/2016\/11\/Hann227_Hbf_0671_2-300x185.jpg\" alt=\"hann227_hbf_0671_2\" width=\"697\" height=\"430\" srcset=\"http:\/\/tram-werkstatt.de\/wp-content\/uploads\/2016\/11\/Hann227_Hbf_0671_2-300x185.jpg 300w, http:\/\/tram-werkstatt.de\/wp-content\/uploads\/2016\/11\/Hann227_Hbf_0671_2-768x475.jpg 768w, http:\/\/tram-werkstatt.de\/wp-content\/uploads\/2016\/11\/Hann227_Hbf_0671_2-1024x633.jpg 1024w\" sizes=\"auto, (max-width: 697px) 100vw, 697px\" \/><\/p>\n<p><strong>Triebwagen 227<\/strong><\/p>\n<p><strong>Hersteller:<\/strong> Waggonfabrik Gebr. Cred\u00e9<\/p>\n<p><strong>Elektrische Ausr\u00fcstung:<\/strong> BEW Bergmann, Berlin und \u00dcSTRA<\/p>\n<p><strong>Lieferdatum:<\/strong> 1943, in Betrieb seit 1. Juli 1946<\/p>\n<p><strong>Umbau auf Einmannbetrieb:<\/strong> 11. Juni 1971<\/p>\n<p><strong>Au\u00dfer Betrieb:<\/strong> 16. Mai 1976 an DSM \u00fcbergeben<\/p>\n<p><strong>Kilometerleistung:<\/strong> 759.500 km (1946-1975)<\/p>\n<p><strong>L\u00e4nge:<\/strong> 10,70 Meter\u00a0 <strong>Breite:<\/strong> 2,20 Meter<\/p>\n<p><strong>Gewicht:<\/strong> 11.700 kg, ab 1971 12.000 kg<\/p>\n<p><strong>Platzangebot:<\/strong> 65, davon 21 Sitzpl\u00e4tze, ab 1971 25 Sitzpl\u00e4tze<\/p>\n<p><strong>Motoren:<\/strong> 2x 46kw (Bergmann SL49n)<\/p>\n<p><strong>Fahrschalter:<\/strong> \u00dcSTRA\/Kiepe MMNF109a (Unterflurzentralfahrschalter)<\/p>\n<hr \/>\n<p>Ein ausf\u00fchrlicher Bericht \u00fcber das Fahrzeug folgt in den n\u00e4chsten Tagen.<\/p>\n","protected":false},"excerpt":{"rendered":"<p>Triebwagen 227 Hersteller: Waggonfabrik Gebr. Cred\u00e9 Elektrische Ausr\u00fcstung: BEW Bergmann, Berlin und \u00dcSTRA Lieferdatum: 1943, in Betrieb seit 1. Juli 1946 Umbau auf Einmannbetrieb: 11. Juni 1971 Au\u00dfer Betrieb: 16. Mai 1976 an DSM \u00fcbergeben Kilometerleistung: 759.500 km (1946-1975) L\u00e4nge: 10,70 Meter\u00a0 Breite: 2,20 Meter Gewicht: 11.700 kg, ab 1971 12.000 kg Platzangebot: 65, davon&hellip;<\/p>\n","protected":false},"author":1,"featured_media":0,"parent":0,"menu_order":0,"comment_status":"closed","ping_status":"closed","template":"","meta":{"footnotes":""},"class_list":["post-27","page","type-page","status-publish","hentry"],"_links":{"self":[{"href":"http:\/\/tram-werkstatt.de\/index.php?rest_route=\/wp\/v2\/pages\/27","targetHints":{"allow":["GET"]}}],"collection":[{"href":"http:\/\/tram-werkstatt.de\/index.php?rest_route=\/wp\/v2\/pages"}],"about":[{"href":"http:\/\/tram-werkstatt.de\/index.php?rest_route=\/wp\/v2\/types\/page"}],"author":[{"embeddable":true,"href":"http:\/\/tram-werkstatt.de\/index.php?rest_route=\/wp\/v2\/users\/1"}],"replies":[{"embeddable":true,"href":"http:\/\/tram-werkstatt.de\/index.php?rest_route=%2Fwp%2Fv2%2Fcomments&post=27"}],"version-history":[{"count":5,"href":"http:\/\/tram-werkstatt.de\/index.php?rest_route=\/wp\/v2\/pages\/27\/revisions"}],"predecessor-version":[{"id":110,"href":"http:\/\/tram-werkstatt.de\/index.php?rest_route=\/wp\/v2\/pages\/27\/revisions\/110"}],"wp:attachment":[{"href":"http:\/\/tram-werkstatt.de\/index.php?rest_route=%2Fwp%2Fv2%2Fmedia&parent=27"}],"curies":[{"name":"wp","href":"https:\/\/api.w.org\/{rel}","templated":true}]}}